(12/(-5))/((-4)/20). Calculate the greatest common factor of m and 4.
4
Suppose 0 = 45*p - 51*p + 180. What is the highest common divisor of 80 and p?
10
Suppose 277 = 3*o - 5*w, 415 = 16*o - 11*o + w. What is the greatest common factor of o and 28?
28
Let u(z) be the second derivative of z**4/12 - z**3/2 - 5*z**2/2 + 3*z. Let p be u(-5). Calculate the greatest common divisor of 7 and p.
7
Suppose -3*h - 127 = 3*y + 149, 4*y - 3*h + 347 = 0. Let d be 2/(-8) + y/(-4). Calculate the highest common factor of 33 and d.
11
Let c be (-30 + 38)*(-1 + 9). What is the greatest common factor of 192 and c?
64
Let p(b) = -5*b - 5. Let g be p(-6). Calculate the greatest common divisor of g and 50.
25
Suppose 4*s = -2*s + 504. Calculate the highest common divisor of s and 112.
28
Let a(i) = i**3 + 3*i**2 - 2*i. Let r = -1 + -2. Let g be a(r). Suppose -g*c = -3*c - 9. What is the greatest common factor of 6 and c?
3
Suppose s - 15 = 11. What is the highest common divisor of 26 and s?
26
Let w(p) = p**2 + 18*p + 46. Let i be w(-15). What is the greatest common factor of 8 and i?
1
Suppose -w - 3*q - 24 = -4*w, -w + 3*q + 6 = 0. Calculate the highest common divisor of 72 and w.
9
Suppose 0 = -3*a - 3*o + 225, 5*a - 10*a + 383 = o. Calculate the highest common divisor of a and 11.
11
Let l(y) = -2*y - 15. Let g be l(0). Let w = 0 - g. What is the greatest common factor of w and 165?
15
Let u(n) = -n**3 - 6*n**2 - 4*n - 8. Let b be (-48)/9 - (-4)/(-6). Let q be u(b). What is the greatest common factor of q and 8?
8
Let m be 83/9 - 6/27. Suppose 3*a + 12 = v - 0, 4*v - 40 = 4*a. Calculate the greatest common factor of v and m.
9
Let g be (-6)/(-18) - 94/(-6). Let f(r) = 7*r**2 + 2*r. Let z be f(-2). What is the greatest common factor of g and z?
8
Suppose n - 2*c - 2 = 0, n + 5*c = 2*c + 12. Let r be 58/(-8) + (-2)/(-8). Let f = 19 + r. Calculate the greatest common divisor of n and f.
6
Suppose 42 = 3*i + 3*k, -2 = -i + 2*k + 6. Let o(z) = 9*z - 9. Let q be o(5). Calculate the highest common divisor of q and i.
12
Let z = 97 + -45. Calculate the greatest common divisor of 13 and z.
13
Suppose 5*v = 5*p - 34 - 211, 0 = -2*p - 4*v + 128. Calculate the highest common divisor of 6 and p.
6
Let y(q) = 2*q**2 - 3*q + 4. Let n be y(4). Suppose -w + 15 + n = 0. What is the greatest common factor of 13 and w?
13
Let t(v) = 2*v**2 - 6*v + 8. Let h be t(6). Calculate the highest common factor of 110 and h.
22
Let u = -5 + 13. Let l = u + 2. What is the highest common factor of 110 and l?
10
Suppose j = -3*a - 4*j, 4*a - 8 = -4*j. Let k = -49 - -154. Suppose -k = -3*o - 0. What is the highest common divisor of o and a?
5
Suppose q - 60 = -q + r, 3*q - r - 88 = 0. Let k(o) = 20*o - 20. Let g be k(8). What is the highest common divisor of q and g?
28
Suppose -n - t + 0*t = -12, -t + 30 = 3*n. Calculate the greatest common factor of 3 and n.
3
Let z(t) = t**3 + 11*t**2 + t - 2. Let u be z(-10). What is the greatest common divisor of 22 and u?
22
Let v = 50 - -4. What is the greatest common factor of v and 6?
6
Let h be (6/8)/(1/44). What is the highest common factor of h and 3?
3
Let s = -2 - -6. Suppose 2*q = -s*n - 3*q - 7, 4 = -4*n - 4*q. Suppose -n*i - i = -18. Calculate the highest common divisor of i and 24.
6
Suppose 0 = -4*s + 4*n + 368, 5*s - 2*n - 450 = -7*n. What is the greatest common factor of 26 and s?
13
Let z = -4 + 5. Let c = 3 + z. Suppose 5*k - c*l = 736, 5*l - 437 = -5*k + 263. Calculate the highest common divisor of 18 and k.
18
Suppose -2*n = 4*p - 42 - 52, 2*p + 67 = n. What is the highest common divisor of 38 and n?
19
Suppose 0*w - 24 = -4*w. Let i = w + -3. Suppose i*q + 0*q = 66. What is the greatest common divisor of 2 and q?
2
Let g(m) = -m**3 + 8*m**2 + m - 2. Let c be g(8). Let s = 16 - c. Suppose -3*r + 137 = -133. What is the highest common factor of s and r?
10
Suppose 3*f = 2*f + 1. Let c be 2/(-4)*0/f. Let g(a) = a + 39. Let k be g(c). What is the highest common factor of k and 13?
13
Let s be 1*0/2 + 2. Let v(t) = -6 - 2*t - 2 + 3*t - 4*t. Let g be v(-6). What is the highest common divisor of g and s?
2
Let w be ((-40)/(-3))/(-2)*3. Let h be 63/18*w/(-7). Calculate the highest common factor of h and 20.
10
Let t be ((-6)/4)/((-6)/16). Let o = 3 + -4. Let j be 1*o/1 - -5. What is the greatest common divisor of j and t?
4
Let b(y) = y**2 + 2*y. Let j be b(-3). Calculate the highest common divisor of j and 2.
1
Let a(x) = x**3 - 21*x**2 - 21*x - 1. Let m be a(22). What is the highest common divisor of m and 84?
21
Suppose 0 = -6*k + 844 + 146. Calculate the greatest common factor of k and 55.
55
Let j = 3 + 11. Let r = -13 + j. Calculate the highest common factor of r and 11.
1
Let h(d) = 5*d**2 + 10*d + 8. Let q be h(-6). Suppose -4*k + q = -0*k. What is the highest common factor of k and 48?
16
Suppose -23 = 3*a - 7*a - s, 5*a = 4*s + 13. Suppose -a*n - 4*v + 128 = 0, v = -n + 6*n - 118. What is the greatest common divisor of n and 12?
12
Let s be 84*((-6)/(-9))/(8/6). Calculate the greatest common divisor of s and 56.
14
Suppose -4*c + 18 = -c. What is the highest common factor of 48 and c?
6
Let s be 2/4 + (-2)/(-4). Let z be 0 + 13 + 0/s. Suppose -424*x + 468 = -420*x. Calculate the highest common divisor of x and z.
13
Let z(o) = -18*o - 52. Let j be z(-9). What is the greatest common factor of 275 and j?
55
Let k(s) = -4*s + s - 5*s + s**2 - 2*s**2. Let n be k(-6). Calculate the highest common factor of n and 12.
12
Let j(k) = -k + 3 - 3 - 4. Let m(c) = c**2 + 10*c + 2. Let q be m(-9). Let r be j(q). What is the highest common factor of r and 9?
3
Let i(f) = -2*f - 1. Let q = -19 + 11. Let w be i(q). What is the greatest common factor of w and 6?
3
Let b = 55 + -33. What is the highest common factor of b and 11?
11
Suppose -48 = a - 293. Suppose z + a = 6*z. What is the highest common factor of z and 7?
7
Suppose -4*g + 36 = -g. Suppose s - g = -0*s. Suppose -n = 2*m - s, 3*m - m = 2*n - 48. Calculate the highest common divisor of n and 10.
10
Let l(t) = t**3 - 9*t**2 + 15*t + 4. Let i be l(7). Calculate the highest common divisor of i and 187.
11
Let f = 102 - 45. What is the highest common factor of f and 38?
19
Let c = 306 + -210. Let n be (c/3)/((-2)/(-5)). What is the greatest common factor of n and 10?
10
Suppose 0 = r - 3*x - 27, -5*r = 4*x - 42 - 150. Calculate the highest common divisor of r and 24.
12
Suppose 0*m = -2*m + 10. Let b(j) = j**2 - 6*j - 12. Let q be b(9). What is the greatest common factor of m and q?
5
Suppose -2*m + 467 = 6*o - o, -235 = -m - 4*o. Let k = -129 + 150. What is the greatest common divisor of k and m?
21
Suppose 12*c = 13*c - 21. Calculate the greatest common factor of 105 and c.
21
Suppose -757 = -7*l - 22. Suppose 5 + 25 = 2*j. What is the highest common factor of j and l?
15
Let a be (-7)/((-42)/(-18)) - -1*19. Calculate the greatest common divisor of 32 and a.
16
Let h(q) = q**3 - 2*q**2 - 2*q. Let v be h(3). What is the highest common factor of v and 27?
3
Let g be (1 + 20)*60/18. Calculate the greatest common divisor of 28 and g.
14
Let d(j) = j**3 - 12*j**2 + 5*j + 10. Let x be d(12). Calculate the highest common divisor of 7 and x.
7
Let t = 27 - 0. Let r be (9/t)/(1/15). Calculate the greatest common divisor of r and 5.
5
Suppose -28 - 7 = -5*w + 5*h, -2*h = 6. Let o be 15/w - 1/(-4). Suppose 5*v - d = 10, o*v + d - 8 = -2*d. What is the highest common divisor of v and 2?
2
Suppose -5*w - 18 = -4*x + 151, -2*x + 85 = -3*w. Let u = -21 + x. Calculate the greatest common divisor of u and 8.
4
Suppose 2*o - 27 - 3 = 0. What is the highest common factor of 9 and o?
3
Let q(d) = d**3 + 13*d**2 - d - 12. Let i be q(-13). Calculate the highest common divisor of 1 and i.
1
Suppose 280 = 4*t + t. What is the highest common divisor of 16 and t?
8
Let p(c) = 5*c**3 + 4*c + 10. Let m(i) = 9*i**3 + 7*i + 21. Let r(f) = 4*m(f) - 7*p(f). Let g be r(0). Calculate the highest common factor of 35 and g.
7
Suppose -7 - 11 = -2*w. Suppose 19 = 2*j - w. What is the highest common factor of 28 and j?
14
Let b(c) = c**2 - 1. Let a be b(2). Let x = -22 + 37. Calculate the greatest common factor of x and a.
3
Let t = 81 - 80. Let m be 2*((-22)/(-4) - 0). Calculate the greatest common factor of t and m.
1
Let n